composite?
False
Is 683711429 composite?
False
Is 539679034 a prime number?
False
Is 1371043601 a composite number?
False
Is 5818868197 prime?
True
Is 31981738157 composite?
False
Is 22895189099 a composite number?
False
Is 39336014999 composite?
False
Is 274093203 prime?
False
Is 24133169 a prime number?
True
Is 5231000717 a composite number?
True
Is 53248299583 composite?
False
Is 17648231717 composite?
True
Is 1877997371 a composite number?
False
Is 1098850057 prime?
True
Is 1612841533 a composite number?
False
Is 20092853765 prime?
False
Is 20348835907 a prime number?
True
Is 12755542519 composite?
False
Is 13815700517 prime?
False
Is 93232123 a prime number?
True
Is 830809607 composite?
False
Is 7962113 prime?
False
Is 253183630811 composite?
False
Is 7117017667 prime?
False
Is 1625078755 a composite number?
True
Is 5114126737 a composite number?
False
Is 2450330863 a composite number?
False
Is 3722073521 composite?
True
Is 13213143649 prime?
True
Is 583555457 prime?
False
Is 3683470201 a prime number?
False
Is 2746340713 a prime number?
True
Is 11327408689 a prime number?
True
Is 1287567973 a prime number?
False
Is 938555833 a prime number?
True
Is 4865462477 composite?
False
Is 71222309963 a prime number?
False
Is 1361664011 prime?
False
Is 33171571847 composite?
False
Is 640875077 composite?
False
Is 409459247 a prime number?
False
Is 1694472721 composite?
True
Is 9156149683 a composite number?
False
Is 169650941 a composite number?
True
Is 1240920019 a composite number?
True
Is 486434261 a composite number?
False
Is 72086099 composite?
False
Is 134903510647 a prime number?
True
Is 1682486581 a prime number?
True
Is 14930514457 a composite number?
True
Is 5742333407 prime?
False
Is 37294315577 a composite number?
True
Is 4272171227 a composite number?
True
Is 4569860027 a prime number?
False
Is 704376961 prime?
True
Is 932402571 prime?
False
Is 2804971721 prime?
True
Is 9566571479 composite?
False
Is 81845209 composite?
False
Is 2652639463 a prime number?
True
Is 312119231 prime?
True
Is 3557131253 composite?
True
Is 5629452463 a composite number?
False
Is 2825766659 prime?
False
Is 2997138233 prime?
False
Is 119433019 prime?
False
Is 4112309623 a prime number?
True
Is 860569513 a composite number?
False
Is 27553822757 a composite number?
False
Is 1098319549 composite?
True
Is 263151684473 a composite number?
False
Is 10293836077 a composite number?
True
Is 14129867847 a prime number?
False
Is 32419312203 prime?
False
Is 17752589131 prime?
False
Is 372451151 a prime number?
True
Is 1888782187 composite?
True
Is 106613044385 a prime number?
False
Is 9148692019 a composite number?
False
Is 2263617947 a prime number?
False
Is 53233318613 a composite number?
False
Is 33197965049 a composite number?
False
Is 53036924201 composite?
False
Is 228567637 a prime number?
True
Is 3796855903 prime?
True
Is 6625304057 a prime number?
True
Is 2163139873 composite?
True
Is 92927299 composite?
True
Is 3847229237 a composite number?
True
Is 158187241 composite?
False
Is 519803839 composite?
False
Is 12968623867 a composite number?
True
Is 1936934851 a composite number?
True
Is 832644737 a composite number?
True
Is 1019504839 composite?
False
Is 5617725557 a prime number?
True
Is 37752181 a prime number?
False
Is 814871107 a composite number?
True
Is 336797297 a composite number?
True
Is 66236989937 a composite number?
True
Is 4343436995 composite?
True
Is 3558668981 composite?
True
Is 4014925693 a composite number?
True
Is 43528222181 prime?
True
Is 51234489227 a composite number?
False
Is 7789874549 a prime number?
True
Is 617051399 a prime number?
False
Is 1789617469 composite?
False
Is 168924619 composite?
True
Is 155686673847 prime?
False
Is 682143277 a composite number?
False
Is 387941803 a composite number?
False
Is 32772687 a prime number?
False
Is 2512064447 a composite number?
True
Is 101197673873 composite?
True
Is 190116119 prime?
True
Is 294496772759 a composite number?
True
Is 970284817 a prime number?
False
Is 474033331969 prime?
False
Is 8864912449 composite?
False
Is 2855744497 a composite number?
False
Is 2382906739 a composite number?
False
Is 8239262387 a prime number?
False
Is 2790153389 a composite number?
False
Is 45190340989 a prime number?
False
Is 97797535271 prime?
True
Is 89098696217 a prime number?
True
Is 3574782059 a prime number?
True
Is 19624795343 a composite number?
False
Is 1861247459 a prime number?
True
Is 17965670171 prime?
False
Is 300417509 a prime number?
False
Is 7910015237 a prime number?
False
Is 7435516783 prime?
False
Is 892657693 prime?
True
Is 2275261201 a prime number?
True
Is 69217979149 a prime number?
False
Is 1117200751 composite?
False
Is 834885829 prime?
False
Is 1160166793 prime?
False
Is 28024736843 a prime number?
True
Is 3420100549 a composite number?
False
Is 231925751 a prime number?
False
Is 757554961 a composite number?
False
Is 1588849321 prime?
True
Is 3824060369 prime?
True
Is 44543869361 prime?
False
Is 1175672497 a composite number?
True
Is 9173200039 prime?
True
Is 674053441 prime?
True
Is 1917016987 prime?
True
Is 1554127987 a composite number?
False
Is 208152977 prime?
False
Is 49240609951 composite?
True
Is 5129585081 a composite number?
False
Is 4367911033 a prime number?
True
Is 1746788623 a composite number?
False
Is 281342471 composite?
False
Is 76502189377 prime?
True
Is 2746578251 a composite number?
False
Is 40187659 composite?
True
Is 11884167569 composite?
False
Is 2346992367 prime?
False
Is 79733351 prime?
True
Is 1279484047 prime?
True
Is 3153376559 prime?
True
Is 511868351 composite?
True
Is 1291106623 a composite number?
False
Is 5940613423 composite?
True
Is 431460737 prime?
False
Is 3899491091 prime?
True
Is 1638850229 a composite number?
False
Is 357812671 a composite number?
False
Is 3279618977 prime?
False
Is 168326238295 prime?
False
Is 71052247447 composite?
False
Is 120213659 a prime number?
True
Is 30002277581 composite?
False
Is 880501 composite?
True
Is 198003083 prime?
False
Is 2560419023 prime?
True
Is 3940849789 composite?
True
Is 5000979491 prime?
False
Is 886217923 a prime number?
True
Is 21281686553 a composite number?
True
Is 4918479403 a prime number?
False
Is 1748532659 prime?
True
Is 793936357 composite?
True
Is 24637436699 composite?
False
Is 207592036081 composite?
False
Is 6569085511 a prime number?
True
Is 791154593 a prime number?
True
Is 4519675457 composite?
True
Is 11484968249 composite?
True
Is 5998204403 composite?
False
Is 20195672893 prime?
False
Is 118704624341 composite?
False
Is 37509721433 a prime number?
True
Is 13994538515 prime?
False
Is 79170990137 a prime number?
True
Is 134814964727 a composite number?
False
Is 703501573 prime?
True
Is 5551848429 prime?
False
Is 6432540329 a prime number?
False
Is 16967296813 a prime number?
False
Is 218254321 prime?
True
Is 26195654071 prime?
True
Is 840600727 composite?
True
Is 15269650007 a prime number?
True
Is 1110418579 a composite number?
True
Is 3038140843 a composite number?
True
Is 141344833 a prime number?
False
Is 12276821267 prime?
False
Is 34493788297 prime?
True
Is 27657897299 a prime number?
False
Is 41059188406 a composite number?
True
Is 721013099 a prime number?
False
Is 83107160713 composite?
False
Is 4118385773 composite?
True
Is 12490923629 a prime number?
True
Is 7700071 composite?
False
Is 5065665653 prime?
True
Is 2259872259 prime?
False
Is 11816135659 a composite number?
False
Is 35620327 a prime number?
True
Is 102924353893 a composite number?
False
Is 62386112119 a composite number?
False
Is 242590342 a prime number?
False
Is 5036478149 prime?
True
Is 17995044433 prime?
False
Is 142036243 composite?
True
Is 3532739087 a prime number?
True
Is 15615101741 a composite number?
True
Is 2504373901 a prime number?
True
Is 1062129707 prime?
True
Is 173084323 prime?
True
Is 136440313 composite?
False
Is 143347709 a prime number?
False
Is 6074861799 prime?
False
Is 471236951 a composite number?
False
Is 4987383643 composite?
True
Is 60602833 composite?
True
Is 143200037 composite?
False
Is 28050650149 a composite number?
False
Is 97719131 a prime number?
True
Is 8909813821 composite?
False
Is 6508958327 a prime number?
True
Is 114514694953 prime?
True
Is 101129231443 a co